+ s + 2 - 11*s + 3*s + 5*s**2 - 6*s**2. Give w(-9).
-23
Suppose -13 = -28*a + 183. Let t(k) = -k + a*k - k**2 + 4 - k + 3*k. Give t(7).
11
Let u = 15 + -21. Let o(i) = 15*i**3 + 6*i**2 + 70*i + 17. Let h(r) = -14*r**3 - 6*r**2 - 65*r - 16. Let x(s) = 14*h(s) + 13*o(s). Determine x(u).
-3
Let x be (12/8)/(9/(-24)). Suppose g + 16 = 3*g. Let w(j) = 2*j**2 + g - 4*j - 11 - 4*j**2 + j**2. What is w(x)?
-3
Let p = 300 + -285. Let c(b) = -6 - 8 - 2 - b + 13*b**3 + b**2 + p. Let l = -3 + 2. What is c(l)?
-12
Suppose 2*v - 10 = -2. Suppose -15 = -4*k + 5*g + 3, 4*k + 2*g = v. Let j(b) be the second derivative of -b**4/4 + b**3/3 - 4818*b. Determine j(k).
-8
Let g(y) = -3*y - 7. Let c be g(-5). Let p = -3 + c. Let l(s) = 12259511*s**2 + 2*s + 3 - 12259512*s**2 - 2. Calculate l(p).
-14
Let y(x) = 27*x - 274. Suppose -37*j + 26*j + 5*z + 116 = 0, 4*z = 4*j - 40. Determine y(j).
23
Let m(p) = -11 + 15867*p - 32650*p + 16782*p. Let s be 4/14 - (-194)/7. Let o = 20 - s. What is m(o)?
-3
Suppose 4*s + 7*q - 2*q = 29, 2*q = -3*s + 13. Let n(c) be the second derivative of 18*c + 0*c**3 + 0*c**2 + 5/12*c**4 + 0. Determine n(s).
5
Suppose -2*s - 12 = 2*o, 5*o - 245*s + 35 = -249*s. Let k(l) = 29*l + 309. Calculate k(o).
-10
Let u(q) be the first derivative of -q**3 + 2*q**2 - q - 14. Suppose 0 = -56*t + 51*t + 15. Determine u(t).
-16
Let b(i) = 71 + 34*i + 36*i + 36*i - 46*i - 64*i. Calculate b(24).
-25
Let u be 42/(-6 + 9) + -11. Let d(h) = -2*h**3 + 3*h**2 + 1. Calculate d(u).
-26
Let q(b) = b**3 - 13*b**2 - 5. Suppose -12 = 2*w, 3*f + 3*w + 58 - 79 = 0. What is q(f)?
-5
Let p(a) = a + 1. Let j(l) = l**2 + 6*l + 4. Let v(s) = j(s) + 2*p(s). Suppose -3*u + 56 = -34. Suppose u - 5 = -5*c. Determine v(c).
-9
Let q(o) be the second derivative of -1/12*o**4 - 5/6*o**3 + 61*o + 3/2*o**2 + 0. What is q(-6)?
-3
Let b(k) = -k - 6. Let y be b(-10). Suppose y*t = -0*t - 4. Let v(s) = -1888*s**3 + 2*s + 1 + s**2 + 944*s**3 + 948*s**3. Determine v(t).
-4
Let m(r) be the third derivative of -r**6/120 + r**5/10 + r**4/3 + r**3/2 - r**2. Let o = 15942 + -15935. Give m(o).
10
Let n(c) = -2 + c**2 - 2 - 6 - 5 - 5*c - 4*c. Calculate n(12).
21
Let k(p) = 3*p + 1. Suppose 4*x - 372 = -4*n, 4*x = 2*n - 78 - 102. Let f = -88 + n. Calculate k(f).
13
Suppose -36 = 20*a - 16*a, -5*a = -c + 37. Let v(w) = -7*w - 42. Calculate v(c).
14
Let o(i) be the third derivative of i**5/30 - 3*i**4/8 - 8*i**3/3 - 9856*i**2. Calculate o(7).
19
Let a(z) = 5*z**3 + z**2 - 3*z + 2. Suppose -5*u + 52 = 4*f + 4, -3*u - 12 = -f. Let i be (-42)/f*(-16)/28. Calculate a(i).
40
Let f be ((-9)/6)/(12/112). Let n(x) = -x**2 - 7*x + 4. What is n(f)?
-94
Let r(o) = -2*o**2 - 43*o + 12. Let f be r(-22). Let k(w) = 2*w - 1. Let p(t) = -3 - 6 + 5 + 24*t. Let d(s) = f*k(s) + p(s). What is d(-7)?
-22
Let w(g) be the second derivative of 5*g**3/3 + 117*g**2 + 3388*g. Give w(-23).
4
Suppose -52*l = -46*l - 12. Suppose 0 = -l*k - 3*k + 4*k. Let f(s) = -s**3 + s**2 - 32. What is f(k)?
-32
Suppose -4*m - j = m + 1, -5*m = 5*j + 5. Suppose -4 = -2*y + 3*u + 12, m = y - 5*u - 22. Let w(v) = -1 - v**3 + 3*v**y - 4*v + 3*v + 6*v. Determine w(4).
3
Let z(g) = -g**3 + 27*g**2 - 13*g - 20. Let r(p) = -p**2 - p. Let b(x) = -6*r(x) - z(x). Let k(w) = 189*w + 13628. Let j be k(-72). Determine b(j).
0
Let y(o) = o**3 + 6*o**2 - 7*o. Let w be y(-6). Let g(m) = w*m - 14*m - 27*m. Calculate g(6).
6
Let t(r) be the first derivative of 1/2*r**2 - 95 + 2*r**3 + r. What is t(-1)?
6
Let s(o) = -114 + 152 - 31 + 9*o - o**2. What is s(13)?
-45
Let m(o) = -4*o**2 + 5*o - 3. Let l(c) = -c**2 - 1. Let n(s) = -3*l(s) + m(s). Suppose 28*j + 0*j = 140. Determine n(j).
0
Let y(s) = -7 - s - 5 + 1. Let m = -144 + 164. Suppose 0*w = -5*w + 3*i + 12, w + m = -5*i. Determine y(w).
-11
Let y(b) = 15*b**2 - 40*b + 2. Let o(d) = 63*d**2 - 160*d + 3. Let w(l) = -4*o(l) + 17*y(l). Calculate w(13).
9
Suppose 2*n + 22 - 30 = 0. Suppose h = h + n*h. Let p(q) = q + 0*q - 2*q + h*q - 6. Calculate p(-5).
-1
Let t(h) be the first derivative of -21*h**2/2 - 121*h - 543. Give t(-6).
5
Let v(m) = -m**3 - 108 - 81 - 17*m**2 + 162 + 17*m. Determine v(-18).
-9
Let t(q) = -41*q + 13. Let d(h) = 46*h - 13. Let x(l) = 6*d(l) + 7*t(l). Give x(3).
-20
Let n(o) be the first derivative of o**4/4 + 5*o**3/3 + o**2/2 - 14*o + 1108. What is n(-5)?
-19
Let q be ((-27)/(-3) - 6) + 7. Let j(m) = 11*m + m**3 - 851*m**2 + q + 861*m**2 + 3. What is j(-9)?
-5
Let i(t) = t**3 - 7*t**2 - 3. Let u = -14440 + 14447. What is i(u)?
-3
Let l(x) = -x**3 - 5*x**2 + 55*x - 92. Let v be l(2). Let o(q) = q**3 + 10*q**2 - 2*q + 9. What is o(v)?
29
Let a(d) = -130676 + 130689 - 19*d + 14*d - 2*d**2. Determine a(-6).
-29
Let m(h) = -2*h - 6. Suppose 3*d + 0*g = -4*g + 268, 102 = d - 5*g. Let n(c) = -93*c + d*c - 12 - 9. Let s be n(-16). Determine m(s).
4
Let k(q) = q**2 - q. Let o(u) = -44*u - 228. Let t(h) = 14*h + 76. Let a(l) = 3*o(l) + 10*t(l). Let d be a(-9). Give k(d).
12
Let j(y) = -5*y**3 - 5*y**2 - 31*y - 30. Let r(b) = -b**3 + b**2 - b - 2. Let v(o) = -j(o) + 6*r(o). What is v(13)?
5
Suppose 5*a = 5 + 5. Suppose -y + a*v + 70 = 3*y, -4*v - 20 = 0. Let r = y + -20. Let c(q) = -q - 10. What is c(r)?
-5
Let w = -23 + 23. Suppose 4*u + 4 = -3*q, -3*q = -w*u - 5*u - 32. Let i(m) = -2*m - 6. Give i(u).
2
Let v(g) = -g**3 - 16*g**2 - 5*g - 15. Let y(w) = 8*w**3 + 114*w**2 + 26*w - 44. Let b be y(-14). Determine v(b).
65
Let x(g) = g**3 + 4*g**2 - 19. Let c be (-4)/(-7 + 25 + -17). Give x(c).
-19
Let b(l) be the second derivative of -1/6*l**3 + 1/2*l**4 - 2 - 3*l + 0*l**2. Give b(-1).
7
Let t(j) = 3*j**2 - 33*j - 5. Let c be t(11). Let f(l) = -2*l**2 - 5*l - 3. Calculate f(c).
-28
Let f(i) be the third derivative of -15*i**4/8 - 67*i**3/3 - 720*i**2. Give f(-3).
1
Let z(r) = -3*r**2 + 27 + 3*r + 3*r**3 + 28 - 92 + 26 + 10. Calculate z(3).
62
Let l(n) be the second derivative of -n**4/6 - 13*n**3/6 - 11*n**2/2 - 2*n + 1085. Let q = 12 + -18. What is l(q)?
-5
Let z(u) be the second derivative of u**3/6 + 9*u**2/2 + 281*u - 1. Let b = 286 - 291. Calculate z(b).
4
Let w(t) = 20*t**2 + 45*t + 67. Let r(p) = 11*p**2 + 23*p + 35. Let k(l) = -11*r(l) + 6*w(l). Let y(c) be the first derivative of k(c). Determine y(4).
9
Let f = 196 + -195. Let v(q) = 1 + 204*q - 8*q**2 - 204*q. Determine v(f).
-7
Let j(z) = z**2 + 51*z + 478. Let f(q) = 7. Let i(p) = 3*f(p) + j(p). What is i(-38)?
5
Let d(a) be the first derivative of a**6/120 - a**5/12 + a**4/8 + a**3/2 - 37*a**2 + 30. Let x(s) be the second derivative of d(s). Determine x(4).
-1
Let f(d) = 2*d**3 + 9*d**2 - 4*d - 5. Let x(v) = 62*v + 15 - 7*v - 26*v**2 - 7*v - 36*v - 5*v**3. Let l(r) = -8*f(r) - 3*x(r). Determine l(5).
0
Let r(g) = g**2 - 3*g - 1. Suppose 0 = 2*i - 4 - 2. Suppose 2 = -n - y, -4*n - i*y = -6 + 13. Let a be 3*n + 27/(-3 + 6). Give r(a).
17
Let k(q) = -q**3 + 6*q**2 - q + 1. Let p(l) = l**2 - 45*l - 54. Let m be p(46). Let c be ((-5)/4)/(2/m). Determine k(c).
21
Let v(w) be the first derivative of -w**2/2 - w + 6. Suppose 0 = -u - 1, 4*u = 2*g + 2 + 2. Give v(g).
3
Let v(m) = -44*m - 195. Let h(j) = 67*j + 303. Let p(q) = -5*h(q) - 8*v(q). What is p(-3)?
-6
Let d(f) = -f**2 + 31*f + 26. Let s(q) = 70*q - 2068. Let y be s(30). Calculate d(y).
-6
Let x = -372 - -375. Let t(y) be the second derivative of y**5/20 - y**4/4 - y**2/2 - 84*y. Calculate t(x).
-1
Let b(r) = 157*r - 34. Let n(m) = 45*m - 11. Let v(j) = 2*b(j) - 7*n(j). What is v(10)?
-1
Let f = 189 + -186. Suppose -4*y + 0*b = 4*b + 40, -f*y + 4*b - 2 = 0. Let n(i) = i + 7. Calculate n(y).
1
Let w(o) = -14*o**2 + o - 2. Let u = 2588 - 2587. What is w(u)?
-15
Let c(n) = 340*n + n**2 + 13 - 674*n + 332*n. Calculate c(0).
13
Let l(p) = 1460*p**3 - 727*p**3 - 7*p - 13*p**2 - 732*p**3 + 27*p + 26. Calculate l(11).
4
Let g(o) = -o + 4. Let p = -43 - -41. Let n(d) = d**2 + 5*d + 6. Let b be n(p). Suppose 12*w - 10*w = b. Calculate g(w).
4
Let r(f) be the first derivative of -5/12*f**4 - 9 + 0*f**2 + 1/3*f**3 + 0*f - 1/40*f**5. Let v(m) be the third derivative of r(m). What is v(-8)?
14
Let t(p) = -p**2 + 8*p - 6. Let r = 32 - -32. Let m be (r/(-20))/((-4)/10). What is t(m)?
-6
Let o(f) be the first derivative of -f**3/3 + f**2/2 + 12*f - 3143. Calculate o(6).
-18
Let y(b) be the first deriv